0 + a)*12/(-10).
2, 3
List the prime factors of (1 + -9486)/((-22)/110).
5, 7, 271
Suppose -237*j + 246123 = -208*j. What are the prime factors of j?
3, 23, 41
Let f be 2/1*29/2. Suppose -d - 79*z + 75*z = 17, 0 = 3*d - 2*z + 9. Let l = f + d. What are the prime factors of l?
2, 3
Suppose -y - 4 = n, -5*y = -4*n - 0*y - 16. List the prime factors of 271 + n + (-5 - -10).
2, 17
Suppose -6*a = 2*v - 4*a - 418, 0 = 4*a + 8. List the prime factors of v.
211
Let k = 150 - 86. Suppose k + 16 = 4*u. Let j = u + -18. List the prime factors of j.
2
Let m = 471 - 251. Let f be (12/(-16))/(18/(-96)). Suppose -5*q = 5*x - m, 0*x - 176 = -f*x + 3*q. List the prime factors of x.
2, 11
Suppose -3*b - 20 = 5*j - j, -3*b + 3*j + 15 = 0. Suppose o = h - 153, b = 2*h - 4*h + 2. Let u = -62 - o. List the prime factors of u.
2, 3, 5
Let l(x) = 279*x - 142. Let a be l(5). Let k = a - 857. List the prime factors of k.
2, 3, 11
Let n(m) = 5*m + 17. Let h be n(15). Suppose h*v - 91*v - 505 = 0. What are the prime factors of v?
5, 101
Suppose -26*h - 1 = -27*h. Let g(k) = -9*k + 6. Let l be g(h). List the prime factors of (278/l)/(4/(-6)) + 2.
3, 47
Let r(a) = -a**2 - 9*a + 38. Let n be r(-12). Let f(k) = 16*k. List the prime factors of f(n).
2
Suppose -12*d - 4*c = -11*d, c = d - 10. Suppose -17*q = -d*q - 11457. What are the prime factors of q?
19, 67
Let w be 4/((-48)/332)*-18. Suppose -11*z = w + 3495. Let t = -257 - z. List the prime factors of t.
2, 53
Let d be (-6 + 2)/(14/(-35)). Let k be (2/3)/(d/15). What are the prime factors of ((-201)/3)/((2 + -3)*k)?
67
Let d(h) = -909*h + 7944. What are the prime factors of d(-22)?
2, 3, 4657
Let o be -2*(-3)/(-48) + 98/16. What are the prime factors of o/(-8) + (-7443)/(-36)?
2, 103
Let y(w) = 2*w**2 - 41*w + 97. Let j = -2 - -29. List the prime factors of y(j).
2, 7
Let f = -23 + 26. Suppose p - 4*u - 18 = 0, 5*p - f*u = -0*u + 73. Suppose o - 40 + p = 0. List the prime factors of o.
2, 13
Let v = 92 - 97. Let c = 134 - v. Let u = c + -116. List the prime factors of u.
23
Let y = -10727 + 28943. List the prime factors of y.
2, 3, 11, 23
Let v(a) = 122*a - 102. Suppose 0 = -3*c + 4*c - 4. List the prime factors of v(c).
2, 193
Suppose 4*y - 8 = 4*w, -3*w - y = w + 13. Let i be (w + 1)*(-876)/3. List the prime factors of (1 + (-8)/16)/(2/i).
2, 73
Let z(a) = -147 - 153 - 61*a + 11*a + 312. Let w be (1/3)/(8/9 - 1). What are the prime factors of z(w)?
2, 3
Suppose 16*q = 6*q + 140770. Suppose d = 5*c + q, -3*c - 2*d = -d + 8451. List the prime factors of (-5)/(-15) + c/(-12).
5, 47
Let q(i) = 49*i**2 - 91*i + 793. What are the prime factors of q(8)?
3, 11, 97
Let m(h) = 68*h**2 - 21*h - 14. Let y(q) = 101*q**2 - 32*q - 20. Let b(r) = 8*m(r) - 5*y(r). List the prime factors of b(3).
3, 5, 7
Let o(t) = -t**2 - 10*t + 18. Let q be o(-12). Let p(a) = 1. Let s(b) = -2*b - 5. Let k(y) = 6*p(y) + s(y). List the prime factors of k(q).
13
Suppose 4*u + x = 18, 2*x = 3*u - 1 - 18. Suppose 0 = 5*h - 2*m - m - 225, 0 = -u*h - m + 225. What are the prime factors of h?
3, 5
Suppose -15034 = -13*f - 2125. Let u = f - 561. List the prime factors of u.
2, 3
Let l = 10565 + -2137. What are the prime factors of l?
2, 7, 43
Suppose 0 = o + 3*w - 657 - 105, -5*o = 4*w - 3865. What are the prime factors of 3 + -8 + 4 + o?
2, 97
Suppose 88454 = 66*a - 466936. List the prime factors of a.
3, 5, 11, 17
Let w be 6 + 3/((-9)/6). Suppose w*b = 4*l - 7 - 1, 0 = -2*l - 2*b - 12. List the prime factors of l/(-6) - (-96)/36.
3
Suppose -7*a - 31 + 94 = 0. Suppose 12760 = a*k + 11*k. What are the prime factors of k?
2, 11, 29
Suppose 14*o - 4564 = 10*o. Let g = o + -906. What are the prime factors of g?
5, 47
Let g(d) = 1184*d**2 + 34*d + 100. List the prime factors of g(-3).
2, 7, 761
Let i = 5376 - 3066. List the prime factors of i*((-231)/(-252) + (-2)/8).
2, 5, 7, 11
What are the prime factors of (-3)/(-21) + ((-74968)/(-14))/1?
3, 5, 7, 17
Let j be -29 + 2 - (6 - 5). Let q be 1/(-3)*5*90. List the prime factors of j/7 - (q + -1 + -1).
2, 37
Let t(u) = 6*u**2 + 34*u + 90. Let n be t(-39). Suppose n + 3290 = 26*c. List the prime factors of c.
2, 5, 43
Let q(u) = 9*u**3 + 12*u**2 + 16*u - 18. Let p be q(-6). Let i = -809 - p. What are the prime factors of i?
19, 43
Suppose 3*y + 2*p - 144 = 0, -4*y + 0*p + 193 = 3*p. Suppose -220 = -2*w + y. List the prime factors of w.
7, 19
Suppose 75 = -8*h + 3*h. Let z be h - -26 - 0/1. Suppose 9*i - z*i + 340 = 0. What are the prime factors of i?
2, 5, 17
Suppose -579871 = -121*d + 167425. What are the prime factors of d?
2, 193
What are the prime factors of (-2)/3*34/(1 + (-2284)/2280)?
2, 5, 17, 19
Let b(g) = 25*g**2 - g - 2. Let i(m) = m - 42. Let d be i(12). Let u = -31 - d. What are the prime factors of b(u)?
2, 3
Let z(d) = 56*d + 2211. List the prime factors of z(-11).
5, 11, 29
Let r(f) = 7*f**2 - 21*f + 1. Let n(p) = -8*p**2 + 21*p - 1. Let a(d) = -6*n(d) - 7*r(d). What are the prime factors of a(11)?
109
Suppose -4*w = -8, 101*w = 5*l + 100*w - 28338. List the prime factors of l.
2, 13, 109
Let a(h) = -10 + 314*h**2 - h + 28 - 9 - 8. List the prime factors of a(1).
2, 157
Let n(q) be the third derivative of 13*q**5/60 - q**4/24 - 5*q**3/6 - 2*q**2 - 8*q. What are the prime factors of n(5)?
3, 5, 7
Let s(c) = c - 4. Let q be s(7). Let l(d) = 4 - 6*d**3 - 4*d**2 + 11*d**3 + 13*d**q. What are the prime factors of l(2)?
2, 3, 11
Let x be (-6 + (4 - 2))/(-25 - -27). What are the prime factors of -4 - (-3 - x) - -412?
409
Let l(p) = 80*p**3 + 5*p**2 + 5*p - 18. Let t be l(4). Suppose 5*n + 4*i = t, -6*n + 5*i + 3099 = -3*n. What are the prime factors of n?
2, 3, 173
Suppose 0 = 3*r - 12, 0*r + 151264 = 4*w + 2*r. What are the prime factors of w?
2, 7, 37, 73
Let t(c) = c**2 - 14*c + 9. Let a be t(14). Let n be 12/14*(2 - a/(-6)). Suppose -n*p = -5*z + 390, 263 = 3*z + p + 3*p. What are the prime factors of z?
3
List the prime factors of (-7)/(-665)*19 - ((-333774)/(-10))/(-3).
2, 5563
Let m(u) = 11*u**2 - 2*u + 1. Let l be m(1). Suppose 6*h = l*h - 8. Suppose -2*r = h*q - 180, -10 = -0*r + 5*r. What are the prime factors of q?
2, 23
Let q be 3/1*(0 - 50/15). Let j be 7/(q/(-30)*(-6)/(-4)). Suppose 0 = j*d - 9*d - 195. What are the prime factors of d?
3, 13
Let i be (6/(-15))/(2/(-1430)). Let j = 38 + i. List the prime factors of j.
2, 3
Let h(c) = c**3 - 7*c**2 + 11*c + 5. Let d be h(4). List the prime factors of (45/(-10) - -4)/(d/(-278)).
139
Suppose -4*m = -2*g - 46, 0 = -5*m + 2*g - 3*g + 40. What are the prime factors of (-2 + 851)*3/m?
283
Let m(u) = 3*u**2 - 42*u - 124. Let d be (-18)/(-42) - (-688)/28. What are the prime factors of m(d)?
701
Let f = 174180 + -106156. List the prime factors of f.
2, 11, 773
Suppose f - 107 = 3*q + 8, -4*q = -2*f + 150. Let d = q - -43. Suppose d*c - x - 292 = 0, -4*x + 209 = 4*c - 191. What are the prime factors of c?
2, 7
Suppose 27*n + 451127 - 1414271 = -51*n. List the prime factors of n.
2, 3, 7
Let a(m) = -m**3 - 37*m**2 + 25*m - 190. List the prime factors of a(-40).
2, 5, 19
Let r(z) = -17*z**3 + 1 - 2*z - z**3 + z - 2*z**3. Let y(n) = -79*n**3 - 4*n + 5. Let w(i) = 9*r(i) - 2*y(i). What are the prime factors of w(-1)?
2, 11
Suppose 7*s - 90 = 71. Let x(a) = -a**3 - 1. Let r(t) = -3*t**3 + 24*t**2 - 19*t + 9. Let q(f) = r(f) - 2*x(f). What are the prime factors of q(s)?
103
What are the prime factors of 73*(12 - -2472)/12?
3, 23, 73
Let c(f) = 4*f - 3. Let t = -26 + 41. Let r be 26/(-3)*(-5)/(50/t). List the prime factors of c(r).
7
Let a(q) = -q + 42. Let v be a(38). Suppose 3*m = -v*x + 7361, -4*x - m + 2*m + 7381 = 0. List the prime factors of x.
2, 461
Let s(h) = 638*h**2 - 1708*h - 10245. List the prime factors of s(-6).
3, 13, 19, 31
Let b(r) = 16*r**2 - 2*r + 3. Let h = 101 - 104. Let x be b(h). Let c = 405 - x. List the prime factors of c.
2, 3, 7
Suppose -4*r + 501 = -4*d - 651, 5*r = -5*d - 1440. Let l be d/(-152) - 4/(-38). Suppose -l*a + p = -290, 12 = 2*p + 4. What are the prime factors of a?
3, 7
Suppose -719006 = -93*c + 184024. List the prime factors of c.
2, 5, 971
Let r = -448 - -805. Let j = r - -528. List the prime factors of j.
3, 5, 59
Let g(r) = 16*r**2 + 86*r - 1234. List the prime factors of g(38).
2, 12569
Let g be 2 + 22/(-8) + (-56